late the greatest common divisor of t and 12.
12
Let d be (4 + 1)*(-154)/(-5). Let z = -5 + 16. Let c(j) = j + 3. Let s be c(z). What is the greatest common divisor of d and s?
14
Let u be (0 + 2)/(3/36). Let d be 268/u - 1/6. Calculate the highest common factor of d and 88.
11
Let z = 3 - -9. Let o(u) = -u**3 - 6*u**2 + 7*u + 1. Let b be o(-7). Let a be -1 - (2 + b)*-3. Calculate the highest common factor of a and z.
4
Let j = -5 - -16. Suppose 5*c - 231 = 2*c. What is the greatest common factor of c and j?
11
Let u = 73 + -25. Let g(f) = -f**3 - 5*f**2 - 7*f - 6. Let y be g(-4). What is the greatest common divisor of y and u?
6
Suppose 4*c + 3*y = 937, 0 = 2*c - 0*c - 4*y - 496. What is the greatest common factor of c and 34?
34
Suppose -2*v + 10 = 2*m, -2*v + 3*m - 7*m = 0. Calculate the greatest common divisor of v and 4.
2
Suppose 17*o = 7*o + 180. Calculate the highest common factor of 27 and o.
9
Suppose -2*n + 6 = n. Suppose 5*z - 5*y - 35 = 0, -15 = -4*z + n*y + 3. Calculate the highest common factor of 6 and z.
2
Suppose 2*w + 0*w - 176 = 0. Let u = w + 2. Calculate the highest common factor of 18 and u.
18
Let o(s) = s**3 - 4*s**2 + 3*s - 5. Let i be o(4). Let y(k) = 18*k + 5. Let a be y(4). What is the highest common factor of i and a?
7
Let d = -11 + 7. Let x be 1/2 + (-6)/d. Calculate the highest common factor of x and 2.
2
Suppose 3*s = -s - 5*o + 103, o - 123 = -4*s. Let g = s - -22. What is the highest common factor of 6 and g?
6
Suppose -a - 2 = 2*b - 9, 2*a - 10 = -3*b. Let h be (-1)/(3/204*a). Let x = 104 - h. Calculate the highest common factor of x and 24.
12
Let y be (-3)/((-9)/(-43))*-3. What is the highest common divisor of y and 86?
43
Let j be 2/(-8) - 580/(-16). Suppose 2*g = 2*z - 6, -2*g = -4*z - 0*z + 12. Suppose u = -z*u + j. What is the highest common factor of u and 6?
3
Let f be 0 - 0 - -242 - 2. Suppose 0 = 2*v - 5*g - f, -v - 2*g = -4*g - 121. What is the highest common factor of 50 and v?
25
Let l(c) = -75*c + 2. Let g be l(-1). Suppose 2*h = 3*h + j - 3, -44 = -4*h + 4*j. What is the greatest common factor of g and h?
7
Suppose -80*s + 74*s + 486 = 0. Let c be (2 - -4)/(4/18). What is the highest common factor of s and c?
27
Let o be (1 - -39)/(2 - 0). What is the highest common factor of 5 and o?
5
Suppose 21 = 2*j + 3*h, -2*h = j - 3*h + 2. Suppose 4*f - 35 = -4*l + j*f, 0 = l + f - 5. Calculate the greatest common divisor of l and 15.
5
Let w be (-22)/4*4/(-2). Let i(k) = k**3 + 7*k**2 - 9*k - 2. Let t be i(-6). Calculate the greatest common divisor of w and t.
11
Let q = -24 - 1. Let c = q - -65. Calculate the highest common divisor of c and 16.
8
Let j = 8 + 4. Let h be j/42*(-28)/(-2). Calculate the greatest common factor of 4 and h.
4
Let j be ((-1)/(-1))/(3/15). Suppose 4*x + 0*i - 39 = j*i, -3 = 2*x + 5*i. What is the highest common factor of 48 and x?
6
Let f = 5 - -19. Calculate the highest common divisor of f and 168.
24
Let o be (-1)/(-2)*(-10)/(-5). Let g = 4 - o. Calculate the highest common divisor of 21 and g.
3
Suppose n + 5*s = -12, -2*n + 18 = -5*s + s. Let q = 22 - 16. What is the greatest common factor of n and q?
3
Suppose 2*k - 2*p = -0*k + 32, -52 = -3*k + p. Let n = -15 + k. What is the highest common factor of 33 and n?
3
Let u be 2 + 5 + (-1 - -4). What is the highest common factor of 40 and u?
10
Suppose -3*z = -2*v - 127 + 2, 3*v + 12 = 0. Calculate the greatest common divisor of 26 and z.
13
Let z(d) be the third derivative of -d**5/60 - d**4/24 + 17*d**3/3 + d**2. Let q be z(0). Calculate the greatest common divisor of q and 51.
17
Let x be (-4)/(-10)*165/3. What is the highest common divisor of 2 and x?
2
Let v(c) = -2*c**3 - 14*c**2 - 8*c + 7. Let q be v(-7). Let s(k) = k + 2. Let w be s(5). What is the highest common factor of w and q?
7
Suppose -4*t = 20, -x - 2*t = x. Suppose -x*k = 4*w - 110, 4*k + k - w - 135 = 0. Suppose -195 = -8*r + 3*r. What is the highest common factor of r and k?
13
Let t = 36 + -8. Let f = 19 + -5. What is the highest common divisor of f and t?
14
Let t = 15 - 14. Let v(a) = a**3 - 3*a**2 - 5*a + 6. Let g be v(4). Let d = g - t. Calculate the highest common factor of 2 and d.
1
Suppose 4*g = -4*b + 292, 5*g - 2*b - 344 = -0*b. What is the greatest common factor of g and 175?
35
Suppose 6*l + o = 2*l + 17, -5*o = -25. Suppose 2*s - 1 - l = k, 4*k + 1 = 3*s. Suppose 6*x - 28 = k*x. Calculate the highest common divisor of x and 63.
7
Suppose -t + 2*t = 65. Let b be (12/(-10))/(4/(-10)). Suppose 4*f = -0*f - 16, -v + b*f + 25 = 0. What is the greatest common divisor of v and t?
13
Let t(p) = p**2 - 2*p + 1. Let c be t(1). Suppose -n + 0*n + 17 = c. Let q be (-2)/(-7) + 472/14. What is the greatest common factor of q and n?
17
Let w(f) = -2*f**3 + f**2 - 3*f + 1. Let q(c) = -c. Let t(k) = q(k) - w(k). Let r be t(2). Calculate the highest common factor of 15 and r.
15
Let s(t) = 4*t - 3. Let m be s(2). Suppose -4*k - 2*a = -114 - 12, m*a + 133 = 4*k. Calculate the highest common divisor of 8 and k.
8
Let l(p) = 40*p**2 + p + 1. Let j be l(-1). Calculate the greatest common divisor of 16 and j.
8
Let d(n) = 3*n**2 - 2*n - 5. Let y be d(-5). What is the highest common divisor of 20 and y?
20
Let u = 112 + -169. Let y = u + 83. Calculate the highest common factor of y and 13.
13
Let v = 138 + -114. What is the greatest common divisor of v and 6?
6
Let b = -52 + 56. Suppose -3*z + 3 = -201. Suppose 0 = 3*o + 4*n - 68, 0*o = -2*o + 3*n + z. What is the highest common divisor of b and o?
4
Let q = -11 + 20. Let b be 46/6 - (-3)/q. Let p be 2/(-3) - 680/(-12). What is the greatest common factor of p and b?
8
Let j be (-6 - -3)/(-9)*69. Calculate the greatest common factor of j and 253.
23
Let i(w) = 4*w**2 + 6*w - 7. Let l be i(-7). Let d = l + -95. What is the highest common factor of d and 13?
13
Suppose 0*m = 4*m - 3*f - 4, m - 1 = 5*f. Let j be (m/(-2))/((-3)/126). Calculate the greatest common factor of 63 and j.
21
Suppose 2*j - 10 = -b, 2*b = 4*b - 5*j - 2. Calculate the highest common factor of 6 and b.
6
Suppose -2*q - 16 + 96 = 0. Calculate the highest common factor of 8 and q.
8
Let c(b) = -b**3 - 3*b**2 - b - 2. Let j be c(-3). Calculate the greatest common divisor of 5 and j.
1
Let f = -5 + 56. Let y be 34/3*6/2. Calculate the highest common factor of f and y.
17
Suppose 0 = -f - 2 + 18. Suppose 4*t = -y + 34 + f, -3*t + y + 34 = 0. Let p be (-2 - t/(-10))*-5. What is the greatest common factor of p and 44?
4
Suppose 0*p - 5*p = -4*s + 484, -5*p - 20 = 0. Calculate the greatest common factor of 29 and s.
29
Let n be (-5 - -7)*(-2 - -3). Let d be -1 + (8 - 2) - n. What is the greatest common divisor of d and 30?
3
Let z = 57 + -38. What is the highest common factor of 76 and z?
19
Suppose -4*y - 2*a = -2*y + 16, 3*a = -3. Let p(c) = c**2 + 5*c - 9. Let u be p(y). Suppose 2*m - u*m + 36 = 0. What is the greatest common factor of m and 6?
6
Suppose -5*z + 6*z - 12 = 0. Let l be (-4)/z + 422/6. Let c = 44 + -16. What is the highest common factor of l and c?
14
Let r(o) = -12*o**3 - 3*o**2 - 3*o - 2. Let v be r(-2). What is the greatest common factor of v and 11?
11
Let k = 64 + -52. Calculate the greatest common divisor of 36 and k.
12
Let x(q) = 3*q**2 - 4*q - 1. Let o be x(4). What is the greatest common factor of 124 and o?
31
Suppose 5*s - 10 = -4*d - 0*d, 0 = 2*s - d - 17. Calculate the greatest common divisor of s and 48.
6
Let j be (-4)/(1/(-2)*1). Calculate the greatest common divisor of 136 and j.
8
Let z(m) = m**3 - 4*m**2 - 6*m + 5. Let v be z(5). Suppose v = -5*c - 30 + 110. What is the highest common factor of c and 2?
2
Let b = -15 + 11. Let l = 38 + b. What is the greatest common divisor of l and 85?
17
Suppose -4 = 2*m - 2*a, m + 6 = -0*m + 3*a. Suppose -2*q + m*q + 176 = 0. What is the highest common factor of q and 8?
8
Suppose 2*y = 11*y - 81. What is the greatest common divisor of 9 and y?
9
Let s = -118 - -70. Let m = s - -160. Let c = 53 - 39. Calculate the highest common divisor of m and c.
14
Let f(r) be the third derivative of r**5/15 - r**4/6 + r**3/3 + 8*r**2. Let b be f(2). What is the greatest common factor of 1 and b?
1
Let z = 1 + 1. Let n = 3 + -1. Suppose n*b - 3 = -l + 7, -3*l = b - 30. What is the greatest c